sor of v and 400.
50
Let u be 68 + (24 - 19 - (-3 - 1)). What is the greatest common factor of u and 65989?
77
Let w(k) = -k**2 + 6*k + 80. Let o be w(10). Let m = 74 - -26. Calculate the highest common divisor of m and o.
20
Let u(s) = s**3 + 5*s**2 + 4*s + 7. Let c be u(-3). Suppose -c*i = -21*i + 48. Calculate the highest common divisor of i and 150.
6
Let z be 3 + -4 + 0 - 9/1. Let i(j) = -3*j - 4. Let p be i(z). Suppose -35*d - 93 = -c - 34*d, -2*d - 4 = 0. Calculate the greatest common divisor of c and p.
13
Let k(v) = v**3 - 94*v**2 + 97*v + 616. Let g be k(93). Calculate the greatest common factor of 532 and g.
76
Let y(c) = 6*c + 34. Let u = -578 + 574. Let b be y(u). What is the highest common divisor of 680 and b?
10
Suppose 49920 = 74*x + 82*x. Calculate the highest common divisor of 300 and x.
20
Suppose 0 = -22*r + 23*r - 131. Let d = 266 - r. Let x be ((-32)/(-10))/(54/d). Calculate the greatest common factor of 4 and x.
4
Let q be 2 - ((-28)/2)/7. Let w be 2/17 - 22/187. Suppose -30 = -5*v - c + 5*c, w = -2*v + c + 15. What is the highest common divisor of v and q?
2
Let g(u) = -u**2 - 5*u - 42. Let r be g(-8). Let j(l) = -87*l**3 + l. Let f be j(-1). Let y = f + r. What is the greatest common factor of 5 and y?
5
Let l(a) = -a**2 + 229. Let s be l(-15). Let c(z) = -7*z**2 + 31*z - 8. Let q be c(s). Calculate the greatest common divisor of 10 and q.
2
Suppose 2*a - 5*r = 894, -5*a + 2791 = -4*r + 590. Suppose 2*f - a = 5*p, 4*p - 229 + 1313 = 5*f. What is the highest common factor of f and 81?
27
Let k = -14 - -15. Let l(j) = 11*j + 6. Let g(x) = -2*x + 1. Let i(o) = -g(o) + l(o). Let q be i(k). Calculate the highest common divisor of q and 42.
6
Let y be (2/6)/((-1)/(-15)). Let h = y - -1. Suppose 60*q + 236*q + 63*q = 10770. Calculate the highest common divisor of q and h.
6
Suppose 0 = -3*b, -5*v + 483 + 313 = -4*b - 1844. What is the greatest common divisor of 120 and v?
24
Suppose 5*x = 80 - 30. Let y be 8/(-20) - (0 + 2619/15). Let k = y + 177. Calculate the highest common divisor of k and x.
2
Let z be (1 + -34)/((18/(-4))/3). Let r be 3 + (-1 - 3/(-3)). Suppose 4*n + 24 = 4*b, -r*n - 8 = -2*b + 4*b. What is the greatest common factor of z and b?
2
Suppose -8*p + 156 = -6*p. Let f be (7 - 85)*(-4)/(-6). Let j = 91 + f. Calculate the highest common factor of p and j.
39
Let p be 9 + 1*(-4 - -3570). What is the greatest common divisor of 572 and p?
143
Suppose -3*o - o - 277 = -5*f, 0 = 3*o - f + 194. Let k be (210/o)/(15/(-126)). Calculate the greatest common factor of k and 77.
7
Let g = 5831 + -5792. What is the greatest common divisor of 6123 and g?
39
Let a be 837/(-6)*26/(-39). Suppose -3*h + 3*j = -a, 3*h + 33 = -2*j + 131. Calculate the highest common divisor of 4 and h.
4
Let u(s) = 13*s + 4. Let h be u(0). Suppose -h*g + 3*o - 2*o = -608, 4*g = 2*o + 604. What is the highest common factor of 17 and g?
17
Let o(c) = c**3 - 9*c**2 + 29*c - 50. Let l be o(10). What is the greatest common divisor of l and 1940?
20
Let i be 126 + 12 + (8 - (-36)/(-6)). Suppose -126 = -2*l + 2*q, -225 = -5*l + l - 5*q. Suppose -3*y + 0*y = -l. What is the greatest common factor of y and i?
20
Suppose -1096 = 4*y - 6*y + 1440. What is the greatest common divisor of y and 8?
4
Let u(c) = 6*c + 114. Let q be u(14). Suppose -5*b + 93 = 3*n, 6 = -2*n + b + 81. What is the highest common factor of n and q?
18
Suppose -5*q - 6*h + 2072 = -8*h, 4*q - 1648 = 4*h. What is the highest common factor of 160 and q?
32
Suppose -12*z = 5*r - 184, -7*z + 5*z + 34 = r. Calculate the greatest common factor of r and 675.
5
Let l(f) = -1278*f + 32. Let n be l(-5). Calculate the greatest common divisor of n and 38.
38
Suppose 132*t + 1512 = 150*t. Calculate the highest common divisor of t and 768.
12
Suppose 5277 = 2*q - 5*c, -97*c = q - 104*c - 2607. What is the greatest common factor of q and 747?
83
Let f be 928/((2 + -1)/1). Let t = f + -644. Let i = -180 + t. Calculate the greatest common factor of i and 13.
13
Let n be 1536/144*((-7)/2 + 2). Let k be (n/6)/(-4) - (-166)/3. Calculate the greatest common divisor of k and 616.
56
Suppose -w + 400 = w. Let o(v) = 7*v - 11. Let j be 39/2*(10/(-15))/(-1). Let h be o(j). What is the greatest common divisor of w and h?
40
Let d be (-26)/(-6) - 4 - 82/(-6). Let f(n) = n**3 - 18*n**2 - 21*n + 46. Let v be f(19). What is the highest common divisor of d and v?
2
Suppose -23*m + 10 - 217 = 0. Let t be 5 - -4 - (m - 183). What is the greatest common divisor of t and 3?
3
Let u(a) = -37*a**2 - 12*a + 14. Let b be u(2). Let y = -58 - b. Let i = 28 - 3. Calculate the greatest common factor of i and y.
25
Let o be (-1)/17*2 - 22336/(-272). Calculate the greatest common factor of o and 1312.
82
Let l = 37 - 29. Let d(f) = -f**3 + 10*f**2 - 8*f - 8. Let r be d(l). Let j be r/1*(-1 - (-35)/20). Calculate the greatest common factor of j and 28.
14
Suppose -3*l = l + 68. Let s = 23 - l. Let m be 6/(((-18)/s)/(-3)). What is the greatest common factor of m and 60?
20
Suppose -3*b = -5*d - 6*b + 172, d + 5*b = 30. Suppose -5*m + 2*m - 32 = 2*f, -5*m = -f + 10. Let j = f + d. What is the highest common divisor of j and 250?
25
Let u(v) = 19*v + 4. Let t be u(-6). Let y = -29 - t. Suppose -y + 11 = -2*o. What is the highest common factor of o and 385?
35
Let i(l) = 4*l + 3 - 1 - 1. Let p be i(1). Let u = 6461 - 6406. Calculate the greatest common factor of p and u.
5
Let m = -72 - 156. Let s = m + 382. Let z be 3/((-4)/((-168)/9)). Calculate the greatest common divisor of z and s.
14
Suppose -4*x = 5*m - 108, -35*x - 81 = -38*x - 4*m. What is the greatest common divisor of 342 and x?
9
Let k be 19/(-19) + (-40)/(-2). Let s(m) = -m + 15. Let a be s(k). Let g(c) = 3*c**2 + 2*c + 8. Let z be g(a). Calculate the greatest common divisor of 6 and z.
6
Let h(m) = 54*m - 333. Let s be h(12). Calculate the greatest common divisor of s and 455.
35
Suppose -28*v = 22*v - 700. Suppose j + 54 = 4*j. Let b be j + 2/(-4)*-6. What is the greatest common factor of v and b?
7
Let l(k) = -k**3 - 8*k**2 - 10*k - 12. Let m be 7/(14/86) + -5 + 1. Suppose m*u = 40*u + 7. Let a be l(u). Calculate the highest common factor of a and 9.
9
Suppose 4*h - 32696 = -4*f, -575*f + 572*f = -4*h + 32724. What is the highest common factor of 348 and h?
174
Suppose -65*h + 661 = -7982 + 323. What is the highest common divisor of h and 4912?
16
Let i(w) = w**3 - 5*w**2 - 9*w + 256. Let q be i(0). Suppose 5*s - 10 = 30. What is the greatest common factor of s and q?
8
Let l(v) = 4*v - 42. Let n be l(11). Let s be 33*5/30*n. Calculate the greatest common divisor of s and 770.
11
Suppose -4639 = -18*r + 375 + 7640. Calculate the highest common factor of 76 and r.
19
Suppose 4*k - 120 = -5*q, -3*k + 11*q + 90 = 10*q. Let a be (2560/k)/(-16)*6/(-4). What is the greatest common factor of 488 and a?
8
Let l = 618 + -593. Calculate the greatest common factor of l and 4725.
25
Let r be -8*3/4*-2. Let k(l) = 40*l + 2540. Let c be k(-62). Calculate the greatest common factor of r and c.
12
Suppose -8 = -7*j - 8. Suppose -5*s + 20 = 0, -2*s = -j*h - 3*h + 70. Let t be (-233)/(-6) - (-2)/12. What is the highest common divisor of h and t?
13
Suppose 4992*l = 5111*l - 129472. What is the greatest common divisor of l and 576?
64
Let y be 190/12 + (-45)/54. Suppose -13*i = -y*i + 42. Calculate the highest common divisor of 15 and i.
3
Let f(z) = -22*z - 342. Let x be f(-16). Let t = -8 + 23. Let d be -6 - (-87)/t - (-12)/x. Calculate the greatest common factor of d and 13.
1
Let k(y) = -y**3 - 12*y**2 - 7*y + 30. Let u be k(-10). Let v be (60/u)/((-3)/285). Calculate the greatest common factor of v and 3.
3
Let d = -2445 + 3903. Calculate the highest common divisor of 432 and d.
54
Let d be (-9 + 14)*(-12)/10. Let i = d - -9. Let j(w) = -w + 8. Let r be j(i). What is the greatest common factor of 30 and r?
5
Suppose 3*z - 5*k - 215 = 0, -145 = -3*z + 295*k - 300*k. Calculate the highest common factor of z and 75.
15
Let c = -8354 + 8369. Suppose 0 = n + 2 - 5, 0 = 2*b - 3*n + 25. Let z be -2 + c + (-32)/b. What is the highest common divisor of 187 and z?
17
Let k = 424 + 1711. What is the greatest common divisor of 70 and k?
35
Let h = 78 + -40. Let p = 2069 - 2067. Calculate t